at are the prime factors of 4708384?
2, 147137
What are the prime factors of 548956?
2, 137239
List the prime factors of 650247.
3, 13, 16673
List the prime factors of 2618574.
2, 3, 7, 62347
List the prime factors of 249597.
3, 27733
What are the prime factors of 885480?
2, 3, 5, 47, 157
What are the prime factors of 165034?
2, 19, 43, 101
List the prime factors of 696084.
2, 3, 19, 43, 71
What are the prime factors of 355307?
355307
List the prime factors of 12125531.
11, 23, 4357
List the prime factors of 5155.
5, 1031
What are the prime factors of 451946?
2, 11, 20543
What are the prime factors of 12265461?
3, 13, 79, 1327
List the prime factors of 848234.
2, 424117
List the prime factors of 43089.
3, 53, 271
List the prime factors of 2343861.
3, 13, 23, 67
List the prime factors of 11753223.
3, 479, 8179
What are the prime factors of 1180026?
2, 3, 65557
What are the prime factors of 14324?
2, 3581
List the prime factors of 4315791.
3, 37, 59, 659
List the prime factors of 5929942.
2, 2964971
What are the prime factors of 2367272?
2, 295909
List the prime factors of 341082.
2, 3, 7, 2707
What are the prime factors of 654641?
13, 37, 1361
List the prime factors of 3263623.
11, 296693
List the prime factors of 96716.
2, 24179
What are the prime factors of 73559?
17, 4327
List the prime factors of 8528555.
5, 7, 243673
List the prime factors of 2708935.
5, 31, 17477
List the prime factors of 375801.
3, 19, 347
What are the prime factors of 273019?
41, 6659
What are the prime factors of 9006709?
31, 290539
List the prime factors of 1217535.
3, 5, 11, 47, 157
What are the prime factors of 1299096?
2, 3, 18043
What are the prime factors of 459877?
11, 97, 431
List the prime factors of 703259.
37, 83, 229
List the prime factors of 196666.
2, 107, 919
What are the prime factors of 14640?
2, 3, 5, 61
What are the prime factors of 13508205?
3, 5, 67, 13441
What are the prime factors of 68594?
2, 34297
List the prime factors of 501097.
79, 6343
List the prime factors of 1062019.
7, 151717
What are the prime factors of 258971?
258971
List the prime factors of 90923.
7, 31, 419
List the prime factors of 458782.
2, 191, 1201
List the prime factors of 105443.
13, 8111
What are the prime factors of 570304?
2, 7, 19, 67
List the prime factors of 306656.
2, 7, 37
List the prime factors of 671792.
2, 11, 347
List the prime factors of 104039.
13, 53, 151
List the prime factors of 5599551.
3, 1866517
List the prime factors of 564723.
3, 17, 3691
List the prime factors of 1171725.
3, 5, 17, 919
What are the prime factors of 4302845?
5, 860569
What are the prime factors of 16069262?
2, 11, 730421
List the prime factors of 33556.
2, 8389
What are the prime factors of 190169?
7, 3881
What are the prime factors of 5352395?
5, 19, 103, 547
What are the prime factors of 23239415?
5, 41, 113363
What are the prime factors of 489818?
2, 7, 59, 593
What are the prime factors of 2576213?
61, 157, 269
What are the prime factors of 1385300?
2, 5, 7, 1979
What are the prime factors of 391279?
7, 55897
What are the prime factors of 1046827?
1046827
List the prime factors of 7201561.
79, 91159
List the prime factors of 864669.
3, 13, 22171
List the prime factors of 353434.
2, 61, 2897
What are the prime factors of 79297?
179, 443
List the prime factors of 91882.
2, 7, 6563
List the prime factors of 7840925.
5, 313637
List the prime factors of 269026.
2, 134513
What are the prime factors of 117858?
2, 3, 13, 1511
What are the prime factors of 62325?
3, 5, 277
List the prime factors of 166488.
2, 3, 7, 991
What are the prime factors of 104089?
104089
What are the prime factors of 246015?
3, 5, 7, 11, 71
What are the prime factors of 706218?
2, 3, 117703
List the prime factors of 1968253.
7, 317, 887
List the prime factors of 14926454.
2, 7463227
List the prime factors of 6917111.
6917111
List the prime factors of 248431.
248431
What are the prime factors of 239183?
7, 47, 727
What are the prime factors of 4004463?
3, 601, 2221
What are the prime factors of 5300272?
2, 29, 11423
List the prime factors of 1650850.
2, 5, 137, 241
List the prime factors of 10463969.
991, 10559
List the prime factors of 32398961.
7, 563, 8221
What are the prime factors of 8110713?
3, 13, 207967
What are the prime factors of 43566461?
17, 127, 1187
List the prime factors of 587874.
2, 3, 7, 13997
What are the prime factors of 4388660?
2, 5, 219433
What are the prime factors of 476650?
2, 5, 9533
What are the prime factors of 490474?
2, 127, 1931
List the prime factors of 83863.
13, 6451
List the prime factors of 636112.
2, 83, 479
What are the prime factors of 19195029?
3, 7, 101561
List the prime factors of 3719570.
2, 5, 371957
List the prime factors of 486818.
2, 19, 23, 557
What are the prime factors of 3064442?
2, 401, 3821
What are the prime factors of 2512993?
7, 358999
List the prime factors of 4611337.
73, 181, 349
What are the prime factors of 7734?
2, 3, 1289
What are the prime factors of 104665?
5, 11, 173
What are the prime factors of 4765552?
2, 11, 27077
List the prime factors of 3942695.
5, 29, 27191
What are the prime factors of 687500?
2, 5, 11
What are the prime factors of 438674?
2, 137, 1601
What are the prime factors of 425219?
53, 71, 113
What are the prime factors of 422770?
2, 5, 67, 631
What are the prime factors of 396308?
2, 11, 9007
What are the prime factors of 2098684?
2, 7, 17, 4409
List the prime factors of 12300360.
2, 3, 5, 102503
List the prime factors of 1411384.
2, 13, 41, 331
List the prime factors of 4771159.
4771159
List the prime factors of 333550.
2, 5, 7, 953
List the prime factors of 4116123.
3, 11, 13859
What are the prime factors of 133017?
3, 101, 439
List the prime factors of 64410.
2, 3, 5, 19, 113
What are the prime factors of 903454?
2, 557, 811
What are the prime factors of 193412?
2, 48353
List the prime factors of 164108.
2, 7, 5861
List the prime factors of 25712874.
2, 3, 11, 17, 7639
What are the prime factors of 586732?
2, 146683
List the prime factors of 746456.
2, 93307
List the prime factors of 992192.
2, 37, 419
What are the prime factors of 53259?
3, 41, 433
List the prime factors of 206078.
2, 167, 617
What are the prime factors of 34512070?
2, 5, 3451207
What are the prime factors of 2822760?
2, 3, 5, 7841
List the prime factors of 5916055.
5, 1183211
List the prime factors of 317781.
3, 17, 31, 67
What are the prime factors of 23540056?
2, 53, 59, 941
List the prime factors of 1326427.
1326427
What are the prime factors of 27738479?
27738479
List the prime factors of 18259570.
2, 5, 7, 19, 13729
What are the prime factors of 18418454?
2, 47, 53, 3697
What are the prime factors of 6722249?
211, 31859
List the prime factors of 280029.
3, 269, 347
List the prime factors of 6065858.
2, 101, 30029
List the prime factors of 2274463.
2274463
What are the prime factors of 4968132?
2, 3, 13, 31847
What are the prime factors of 8776596?
2, 3, 31, 23593
What are the prime factors of 2496415?
5, 499283
List the prime factors of 3463161.
3, 13, 88799
What are the prime factors of 1521096?
2, 3, 61, 1039
List the prime factors of 97225.
5, 3889
List the prime factors of 1446834.
2, 3, 293, 823
List the prime factors of 96510.
2, 3, 5, 3217
List the prime factors of 347928.
2, 3, 7, 19, 109
What are the prime factors of 3361765?
5, 11, 19, 3217
What are the prime factors of 3058046?
2, 157, 9739
List the prime factors of 22395.
3, 5, 1493
List the prime factors of 49698.
2, 3, 11, 251
List the prime factors of 1095634.
2, 547817
List the prime factors of 1182694.
2, 167, 3541
What are the prime factors of 190278?
2, 3, 11, 31
List the prime factors of 2340102.
2, 3, 37, 83, 127
List the prime factors of 153586.
2, 41, 1873
What are the prime factors of 537967?
71, 7577
What are the prime factors of 900686?
2, 450343
List the prime factors of 13940066.
2, 7, 995719
What are the prime factors of 125389?
11, 11399
List the prime factors of 9756375.
3, 5, 26017
What are the prime factors of 276428?
2, 29, 2383
List the prime factors of 2611096.
2, 71, 4597
What are the prime factors of 920966?
2, 23, 20021
What are the prime factors of 12204314?
2, 6102157
What are the prime factors of 34720440?
2, 3, 5, 41, 7057
List the prime factors of 5965602.
